r?
False
Is 66142123 composite?
False
Is 18094879 a composite number?
True
Is 28838189 composite?
False
Is 20222057 composite?
True
Is 852121 a prime number?
True
Is 2563079 a prime number?
True
Is 4392797 a composite number?
False
Is 1091932309 composite?
True
Is 242623 a composite number?
True
Is 14364763 prime?
False
Is 27517459 prime?
True
Is 157143947 composite?
False
Is 7640131 a prime number?
True
Is 84251789 a prime number?
False
Is 8780497 a prime number?
False
Is 41188663 composite?
True
Is 130655919 a prime number?
False
Is 18983126 a composite number?
True
Is 8615917 a prime number?
True
Is 61604467 a prime number?
True
Is 316361053 composite?
False
Is 12970495 a prime number?
False
Is 36284899 composite?
True
Is 1672369 prime?
False
Is 2938189 composite?
False
Is 149755071 prime?
False
Is 24725209 a composite number?
True
Is 889039 composite?
False
Is 8165987 prime?
False
Is 208581479 prime?
True
Is 71698103 a prime number?
True
Is 72819793 a composite number?
False
Is 98522209 prime?
True
Is 2953589 a composite number?
False
Is 19618033 prime?
True
Is 921547 composite?
True
Is 45167719 prime?
True
Is 3836643 a prime number?
False
Is 29537905 prime?
False
Is 37385267 composite?
False
Is 2132251 a composite number?
True
Is 96602339 composite?
False
Is 14235055 prime?
False
Is 1834597 a prime number?
True
Is 318049759 a prime number?
False
Is 16877629 composite?
True
Is 1344227 composite?
False
Is 58733951 prime?
True
Is 12442433 a prime number?
False
Is 63102497 a composite number?
False
Is 3052351 a prime number?
True
Is 499186693 composite?
True
Is 7217242 prime?
False
Is 533266 composite?
True
Is 5348909 a composite number?
False
Is 53233073 a composite number?
False
Is 107197 a composite number?
False
Is 428055629 a composite number?
False
Is 181667 a composite number?
False
Is 96847343 composite?
False
Is 2357571 prime?
False
Is 109309799 a prime number?
True
Is 719807 a prime number?
False
Is 57121787 composite?
True
Is 4981091 a composite number?
False
Is 2788327 a composite number?
False
Is 236609 prime?
True
Is 279607033 prime?
True
Is 57044353 a prime number?
True
Is 4590497 a prime number?
False
Is 136384827 a prime number?
False
Is 2475287 composite?
False
Is 2485345 a composite number?
True
Is 19771294 prime?
False
Is 4398371 a prime number?
True
Is 96621487 prime?
False
Is 194809 a composite number?
False
Is 9089989 prime?
True
Is 931849 prime?
True
Is 1082845 a prime number?
False
Is 5992873 a composite number?
True
Is 2891341 prime?
True
Is 2429783 prime?
False
Is 241239373 composite?
False
Is 15119561 prime?
False
Is 466590233 prime?
True
Is 586520283 a composite number?
True
Is 12027179 composite?
False
Is 4500439 a prime number?
True
Is 1701953 prime?
False
Is 39103 a composite number?
False
Is 26512361 prime?
False
Is 217961563 a prime number?
True
Is 3415111 a prime number?
False
Is 133017389 prime?
True
Is 620821567 composite?
False
Is 7222559 prime?
True
Is 3186871 a prime number?
False
Is 17690969 prime?
False
Is 40283717 a composite number?
False
Is 5501801 a composite number?
False
Is 14060257 prime?
True
Is 866573 a composite number?
False
Is 41951873 prime?
True
Is 18256753 composite?
False
Is 640031 a composite number?
True
Is 1549065631 prime?
True
Is 8908951 composite?
False
Is 19199471 a prime number?
True
Is 65766497 a prime number?
True
Is 13630763 a composite number?
True
Is 18651751 composite?
True
Is 13096747 a prime number?
True
Is 302590781 a composite number?
False
Is 2775298 prime?
False
Is 14313203 prime?
True
Is 2606251 composite?
False
Is 26788769 a composite number?
True
Is 680749 prime?
True
Is 631963 prime?
False
Is 431665709 prime?
True
Is 7628561 a composite number?
False
Is 160093847 a prime number?
True
Is 1131943 prime?
True
Is 356549 a prime number?
True
Is 321091 prime?
True
Is 109523689 a composite number?
True
Is 4269877 a composite number?
False
Is 166570537 prime?
False
Is 48890581 prime?
False
Is 64052939 a composite number?
False
Is 136685797 composite?
True
Is 302327 prime?
False
Is 1375481 prime?
True
Is 200691929 prime?
True
Is 853393 composite?
True
Is 1085239 prime?
False
Is 425101 prime?
True
Is 1404983 a prime number?
False
Is 131765387 a prime number?
False
Is 113399857 a composite number?
True
Is 99045671 a composite number?
False
Is 79697143 a composite number?
False
Is 10226849 a prime number?
True
Is 329833 prime?
False
Is 1010393 a composite number?
True
Is 59960237 composite?
False
Is 8427137 a composite number?
True
Is 39085019 composite?
False
Is 674953 a composite number?
False
Is 6144689 a composite number?
True
Is 259286411 a composite number?
False
Is 17220703 a composite number?
False
Is 32048149 composite?
True
Is 42147827 prime?
True
Is 1320479 composite?
True
Is 11295817 prime?
False
Is 111504541 a prime number?
True
Is 139655969 a prime number?
False
Is 660779 a prime number?
False
Is 281471209 prime?
True
Is 14140591 a prime number?
True
Is 9633367 composite?
False
Is 5556877 composite?
False
Is 26659729 prime?
False
Is 71216687 prime?
True
Is 5098729 a prime number?
False
Is 6814661 prime?
False
Is 137838503 a prime number?
False
Is 4867843 a composite number?
False
Is 20017069 composite?
True
Is 8204423 a prime number?
True
Is 55842953 a composite number?
True
Is 3991877 a composite number?
False
Is 193535557 composite?
False
Is 1361203 prime?
False
Is 20994391 prime?
False
Is 12794185 a composite number?
True
Is 754291 a prime number?
False
Is 2623711 composite?
False
Is 37575689 a composite number?
True
Is 9866669 prime?
True
Is 1476311 a composite number?
False
Is 89753 prime?
True
Is 6548131 composite?
False
Is 14895847 a prime number?
True
Is 362653 prime?
False
Is 48568951 a prime number?
True
Is 4700651 composite?
True
Is 11864029 a prime number?
False
Is 32627491 a prime number?
False
Is 1905863 a prime number?
True
Is 75546671 a prime number?
False
Is 74385257 a composite number?
False
Is 733853 prime?
False
Is 51776003 composite?
False
Is 499842073 a composite number?
False
Is 1531793 composite?
False
Is 506657 composite?
True
Is 6669301 prime?
False
Is 521717 a composite number?
True
Is 24333802 a prime number?
False
Is 16132531 a prime number?
False
Is 34584041 a prime number?
True
Is 454162 prime?
False
Is 82277941 composite?
False
Is 975449 composite?
True
Is 2525219 prime?
True
Is 108895117 composite?
True
Is 26344027 composite?
False
Is 7115839 a composite number?
True
Is 15608461 prime?
False
Is 16409461 composite?
False
Is 24625189 a prime number?
True
Is 68266243 a composite number?
False
Is 224196955 a composite number?
True
Is 528702739 prime?
True
Is 10253513 prime?
False
Is 5051309 composite?
False
Is 3534497 prime?
True
Is 782707 a composite number?
False
Is 1328545 a prime number?
False
Is 360307 prime?
True
Is 42313769 composite?
True
Is 1575074 a composite number?
True
Is 19986983 a composite number?
False
Is 155317199 a composite number?
True
Is 15192109 a composite number?
True
Is 63331 a composite number?
False
Is 7400621 composite?
False
Is 59133014 a prime number?
False
Is 43993093 composite?
True
Is 460699 composite?
True
Is 27766883 prime?
True
Is 15234161 prime?
False
Is 833419 prime?
False
Is 99953987 a prime number?
False
Is 2917303 a prime number?
True
Is 211929659 composite?
True
Is 789718795 prime?
False
Is 10678489 composite?
False
Is 2626229 composite?
False
Is 6629341 a prime number?
False
Is 5622185 prime?
False
Is 151166811 prime?
False
Is 426231023 composite?
False
Is 2489723 composite?
True
Is 5963527 a prime number?
True
Is 74775319 a composite number?
True
Is 5944789 a prime number?
True
Is 42138335 a composite number?
True
Is 51229723 composite?
False
Is 9466703 composite?
False
Is 53910511 prime?
True
Is 118649329 prime?
False
Is 2722619 a prime number?
True
Is 31782131 prime?
False
Is 37542671 a prime number?
True
Is 14102477 composite?
True
Is 477168247 prime?
False
Is 5939959 prime?
True
Is 2649671 a composite number?
True
Is 8201965 prime?
False
Is 27339937 composite?
False
Is 14541797 composite?
False
Is 3186839 composite?
True
Is 347614 a composite number?
True
Is 388757 a prime number?
True
Is 1071403 a composite number?
True
Is 1277016443 composite?
False
Is 270029 a prime number?
T